{"id":70,"date":"2015-04-20T12:26:04","date_gmt":"2015-04-20T12:26:04","guid":{"rendered":"http:\/\/www.novigradsko-proljece.com\/web\/2015\/?page_id=70"},"modified":"2015-04-20T12:26:04","modified_gmt":"2015-04-20T12:26:04","slug":"kontakt","status":"publish","type":"page","link":"https:\/\/www.novigradsko-proljece.com\/web\/2015\/kontakt\/","title":{"rendered":"Kontakt"},"content":{"rendered":"<p>&nbsp;<\/p>\n<p>\u0160KOLA STVARALA\u0160TVA &#8220;NOVIGRADSKO PROLJE\u0106E&#8221;<br \/>\n52466 NOVIGRAD &#8211; CITTANOVA, Emonijska bb<\/p>\n<p>tel: 052 757 005; 758 602<br \/>\nfax: 052 757 218<\/p>\n<p>e-mail:<strong>\u00a0<\/strong><a href=\"mailto:info@novigradsko-proljece.com\"><strong>info@novigradsko-proljece.com<\/strong><\/a><\/p>\n<p>Kontakt osoba:<br \/>\nDavorka Parma\u0107, prof. tajnik Upravnog odbora \u0160kole stvarala\u0161tva &#8216;Novigradsko prolje\u0107e&#8217;<\/p>\n","protected":false},"excerpt":{"rendered":"<p>&nbsp; \u0160KOLA STVARALA\u0160TVA &#8220;NOVIGRADSKO PROLJE\u0106E&#8221; 52466 NOVIGRAD &#8211; CITTANOVA, Emonijska bb tel: 052 757 005; 758 602 fax: 052 757 218 e-mail:\u00a0info@novigradsko-proljece.com Kontakt osoba: Davorka Parma\u0107, prof. tajnik Upravnog odbora \u0160kole stvarala\u0161tva &#8216;Novigradsko prolje\u0107e&#8217;<\/p>\n","protected":false},"author":20,"featured_media":0,"parent":0,"menu_order":0,"comment_status":"open","ping_status":"open","template":"","meta":{"footnotes":""},"class_list":["post-70","page","type-page","status-publish","hentry"],"_links":{"self":[{"href":"https:\/\/www.novigradsko-proljece.com\/web\/2015\/wp-json\/wp\/v2\/pages\/70","targetHints":{"allow":["GET"]}}],"collection":[{"href":"https:\/\/www.novigradsko-proljece.com\/web\/2015\/wp-json\/wp\/v2\/pages"}],"about":[{"href":"https:\/\/www.novigradsko-proljece.com\/web\/2015\/wp-json\/wp\/v2\/types\/page"}],"author":[{"embeddable":true,"href":"https:\/\/www.novigradsko-proljece.com\/web\/2015\/wp-json\/wp\/v2\/users\/20"}],"replies":[{"embeddable":true,"href":"https:\/\/www.novigradsko-proljece.com\/web\/2015\/wp-json\/wp\/v2\/comments?post=70"}],"version-history":[{"count":2,"href":"https:\/\/www.novigradsko-proljece.com\/web\/2015\/wp-json\/wp\/v2\/pages\/70\/revisions"}],"predecessor-version":[{"id":394,"href":"https:\/\/www.novigradsko-proljece.com\/web\/2015\/wp-json\/wp\/v2\/pages\/70\/revisions\/394"}],"wp:attachment":[{"href":"https:\/\/www.novigradsko-proljece.com\/web\/2015\/wp-json\/wp\/v2\/media?parent=70"}],"curies":[{"name":"wp","href":"https:\/\/api.w.org\/{rel}","templated":true}]}}

<p>&nbsp;</p>
<p>ŠKOLA STVARALAŠTVA &#8220;NOVIGRADSKO PROLJEĆE&#8221;<br />
52466 NOVIGRAD &#8211; CITTANOVA, Emonijska bb</p>
<p>tel: 052 757 005; 758 602<br />
fax: 052 757 218</p>
<p>e-mail:<strong> </strong><a href="mailto:info@novigradsko-proljece.com"><strong>info@novigradsko-proljece.com</strong></a></p>
<p>Kontakt osoba:<br />
Davorka Parmać, prof. tajnik Upravnog odbora Škole stvaralaštva &#8216;Novigradsko proljeće&#8217;</p>

<p>&nbsp; ŠKOLA STVARALAŠTVA &#8220;NOVIGRADSKO PROLJEĆE&#8221; 52466 NOVIGRAD &#8211; CITTANOVA, Emonijska bb tel: 052 757 005; 758 602 fax: 052 757 218 e-mail: info@novigradsko-proljece.com Kontakt osoba: Davorka Parmać, prof. tajnik Upravnog odbora Škole stvaralaštva &#8216;Novigradsko proljeće&#8217;</p>
