{"id":38,"date":"2015-04-20T14:30:55","date_gmt":"2015-04-20T14:30:55","guid":{"rendered":"http:\/\/www.novigradsko-proljece.com\/web\/2015\/?page_id=38"},"modified":"2015-04-20T14:30:55","modified_gmt":"2015-04-20T14:30:55","slug":"povijest","status":"publish","type":"page","link":"https:\/\/www.novigradsko-proljece.com\/web\/2015\/o-nama\/povijest\/","title":{"rendered":"Povijest"},"content":{"rendered":"<p><strong>Listopad u Novalji, po\u010detci \u0161kole<\/strong><br \/>\n\u0160kola je zapo\u010dela s radom 1974. pod nazivom Listopad u Novalji. Njezin je utemeljitelj prerano preminuli Mirko Todori\u0107 kojega su zvali i <em>nepopravljivim djecoljupcem<\/em>. Profesor je okupio kolege iz rije\u010dke referade i iskusne voditelje u radionicama za nekoliko desetaka u\u010denika u pet-\u0161est radionica. Djecu su udomili novaljski vr\u0161njaci. Roditelji su bili odu\u0161evljeni idejom i bili su spremni platiti bilo koju cijenu da bi se djeca pridru\u017eila \u0160koli stvarala\u0161tva. Nakon \u010detrnaest godina je Listopad u Novalji na\u017ealost prekinut zato \u0161to Novalja nije mogla prihvatiti toliki broj posjetitelja.<\/p>\n<p><strong>Po\u010detak Novigradskog prolje\u0107a<\/strong><br \/>\n\u0160kola stvarala\u0161tva za darovite u\u010denike nastavlja radom po novim imenom Novigradsko prolje\u0107e. Znatno ve\u0107im brojem darovitih u\u010denika, u\u010ditelja, hospitanata i radionica, zahvaljuju\u0107i spremnosti i zauzetosti ravnateljice O\u0160 Rivarela u Novigradu g\u0111e. Davorke Parma\u0107. \u0160kolu stvarala\u0161tva je poha\u0111alo 300 u\u010denika, tridesetak voditelja i sedamdesetak hospitanata u 18 i vi\u0161e radionica. Odlukom ministrice prosvjete i \u0161porta od 1997. god., \u0160kola stvarala\u0161tva, Novigradsko prolje\u0107e ulazi u sustav hrvatskoga \u0161kolstva kao redoviti godi\u0161nji projekt pouke i podr\u0161ke u radu i stvarala\u0161tvu darovitih u\u010denika i u\u010ditelja Republike Hrvatske. \u017dupanijski uredi za prosvjetu, kulturu, informiranje, \u0161port i tehni\u010dku kulturu preuzimaju zada\u0107u prikupljanja i odabira sposobnijih i darovitih u\u010denika i hospitanata u izvannastavnim aktivnostima i likovnom izrazu u osnovnim \u0161kolama, a kasnije i u srednjim \u0161kolama.<\/p>\n<p>Novigradsko prolje\u0107e danas<br \/>\nOd 2004. godine kad je zabilje\u017eeno da je kroz \u0161kolu pro\u0161lo 6000 djece i 1500 u\u010ditelja do 2015. kroz program rada Novigradskog prolje\u0107a pro\u0161lo je 10000 djece i 2100 hospitanata. Do sada su izdana dva zbornika \u0160kole stvarala\u0161tva, prvi je iza\u0161ao 1992., a drugi 2004. Sada je u tijeku 26. Novigradsko prolje\u0107e i 40. \u0160kola stvarala\u0161tva. Sigurni smo kako \u0107e se tradicija odr\u017eavanja \u0160kole stvarala\u0161tva uspje\u0161no prenositi dugi niz godina te podu\u010davati i uveseljavati nove generacije.<\/p>\n<p>Izvori: U\u010deni\u010dki portali 2012., 2013., 2014.<\/p>\n<p>Katarina Toljan<\/p>\n","protected":false},"excerpt":{"rendered":"<p>Listopad u Novalji, po\u010detci \u0161kole \u0160kola je zapo\u010dela s radom 1974. pod nazivom Listopad u Novalji. Njezin je utemeljitelj prerano preminuli Mirko Todori\u0107 kojega su zvali i nepopravljivim djecoljupcem. Profesor je okupio kolege iz rije\u010dke referade i iskusne voditelje u radionicama za nekoliko desetaka u\u010denika u pet-\u0161est radionica. Djecu su udomili novaljski vr\u0161njaci. Roditelji su [&hellip;]<\/p>\n","protected":false},"author":15,"featured_media":0,"parent":240,"menu_order":0,"comment_status":"open","ping_status":"open","template":"","meta":{"footnotes":""},"class_list":["post-38","page","type-page","status-publish","hentry"],"_links":{"self":[{"href":"https:\/\/www.novigradsko-proljece.com\/web\/2015\/wp-json\/wp\/v2\/pages\/38","targetHints":{"allow":["GET"]}}],"collection":[{"href":"https:\/\/www.novigradsko-proljece.com\/web\/2015\/wp-json\/wp\/v2\/pages"}],"about":[{"href":"https:\/\/www.novigradsko-proljece.com\/web\/2015\/wp-json\/wp\/v2\/types\/page"}],"author":[{"embeddable":true,"href":"https:\/\/www.novigradsko-proljece.com\/web\/2015\/wp-json\/wp\/v2\/users\/15"}],"replies":[{"embeddable":true,"href":"https:\/\/www.novigradsko-proljece.com\/web\/2015\/wp-json\/wp\/v2\/comments?post=38"}],"version-history":[{"count":5,"href":"https:\/\/www.novigradsko-proljece.com\/web\/2015\/wp-json\/wp\/v2\/pages\/38\/revisions"}],"predecessor-version":[{"id":86,"href":"https:\/\/www.novigradsko-proljece.com\/web\/2015\/wp-json\/wp\/v2\/pages\/38\/revisions\/86"}],"up":[{"embeddable":true,"href":"https:\/\/www.novigradsko-proljece.com\/web\/2015\/wp-json\/wp\/v2\/pages\/240"}],"wp:attachment":[{"href":"https:\/\/www.novigradsko-proljece.com\/web\/2015\/wp-json\/wp\/v2\/media?parent=38"}],"curies":[{"name":"wp","href":"https:\/\/api.w.org\/{rel}","templated":true}]}}

<p><strong>Listopad u Novalji, početci škole</strong><br />
Škola je započela s radom 1974. pod nazivom Listopad u Novalji. Njezin je utemeljitelj prerano preminuli Mirko Todorić kojega su zvali i <em>nepopravljivim djecoljupcem</em>. Profesor je okupio kolege iz riječke referade i iskusne voditelje u radionicama za nekoliko desetaka učenika u pet-šest radionica. Djecu su udomili novaljski vršnjaci. Roditelji su bili oduševljeni idejom i bili su spremni platiti bilo koju cijenu da bi se djeca pridružila Školi stvaralaštva. Nakon četrnaest godina je Listopad u Novalji nažalost prekinut zato što Novalja nije mogla prihvatiti toliki broj posjetitelja.</p>
<p><strong>Početak Novigradskog proljeća</strong><br />
Škola stvaralaštva za darovite učenike nastavlja radom po novim imenom Novigradsko proljeće. Znatno većim brojem darovitih učenika, učitelja, hospitanata i radionica, zahvaljujući spremnosti i zauzetosti ravnateljice OŠ Rivarela u Novigradu gđe. Davorke Parmać. Školu stvaralaštva je pohađalo 300 učenika, tridesetak voditelja i sedamdesetak hospitanata u 18 i više radionica. Odlukom ministrice prosvjete i športa od 1997. god., Škola stvaralaštva, Novigradsko proljeće ulazi u sustav hrvatskoga školstva kao redoviti godišnji projekt pouke i podrške u radu i stvaralaštvu darovitih učenika i učitelja Republike Hrvatske. Županijski uredi za prosvjetu, kulturu, informiranje, šport i tehničku kulturu preuzimaju zadaću prikupljanja i odabira sposobnijih i darovitih učenika i hospitanata u izvannastavnim aktivnostima i likovnom izrazu u osnovnim školama, a kasnije i u srednjim školama.</p>
<p>Novigradsko proljeće danas<br />
Od 2004. godine kad je zabilježeno da je kroz školu prošlo 6000 djece i 1500 učitelja do 2015. kroz program rada Novigradskog proljeća prošlo je 10000 djece i 2100 hospitanata. Do sada su izdana dva zbornika Škole stvaralaštva, prvi je izašao 1992., a drugi 2004. Sada je u tijeku 26. Novigradsko proljeće i 40. Škola stvaralaštva. Sigurni smo kako će se tradicija održavanja Škole stvaralaštva uspješno prenositi dugi niz godina te podučavati i uveseljavati nove generacije.</p>
<p>Izvori: Učenički portali 2012., 2013., 2014.</p>
<p>Katarina Toljan</p>

<p>Listopad u Novalji, početci škole Škola je započela s radom 1974. pod nazivom Listopad u Novalji. Njezin je utemeljitelj prerano preminuli Mirko Todorić kojega su zvali i nepopravljivim djecoljupcem. Profesor je okupio kolege iz riječke referade i iskusne voditelje u radionicama za nekoliko desetaka učenika u pet-šest radionica. Djecu su udomili novaljski vršnjaci. Roditelji su [&hellip;]</p>
