{"id":371,"date":"2015-04-20T10:20:01","date_gmt":"2015-04-20T10:20:01","guid":{"rendered":"http:\/\/www.novigradsko-proljece.com\/web\/2015\/?page_id=371"},"modified":"2015-04-22T11:21:45","modified_gmt":"2015-04-22T09:21:45","slug":"zvuk","status":"publish","type":"page","link":"https:\/\/www.novigradsko-proljece.com\/web\/2015\/zvuk\/","title":{"rendered":"Zvuk"},"content":{"rendered":"<p>Koliko nam god moderni mediji pru\u017eali razne mogu\u0107nosti, uvijek \u0107e biti poseban u\u017eitak upaliti radio ili \u010duti pjesmu i skladbu te zami\u0161ljati ono \u0161to slu\u0161amo.<\/p>\n","protected":false},"excerpt":{"rendered":"<p>Koliko nam god moderni mediji pru\u017eali razne mogu\u0107nosti, uvijek \u0107e biti poseban u\u017eitak upaliti radio ili \u010duti pjesmu i skladbu te zami\u0161ljati ono \u0161to slu\u0161amo.<\/p>\n","protected":false},"author":20,"featured_media":0,"parent":0,"menu_order":0,"comment_status":"open","ping_status":"open","template":"","meta":{"footnotes":""},"class_list":["post-371","page","type-page","status-publish","hentry"],"_links":{"self":[{"href":"https:\/\/www.novigradsko-proljece.com\/web\/2015\/wp-json\/wp\/v2\/pages\/371","targetHints":{"allow":["GET"]}}],"collection":[{"href":"https:\/\/www.novigradsko-proljece.com\/web\/2015\/wp-json\/wp\/v2\/pages"}],"about":[{"href":"https:\/\/www.novigradsko-proljece.com\/web\/2015\/wp-json\/wp\/v2\/types\/page"}],"author":[{"embeddable":true,"href":"https:\/\/www.novigradsko-proljece.com\/web\/2015\/wp-json\/wp\/v2\/users\/20"}],"replies":[{"embeddable":true,"href":"https:\/\/www.novigradsko-proljece.com\/web\/2015\/wp-json\/wp\/v2\/comments?post=371"}],"version-history":[{"count":2,"href":"https:\/\/www.novigradsko-proljece.com\/web\/2015\/wp-json\/wp\/v2\/pages\/371\/revisions"}],"predecessor-version":[{"id":896,"href":"https:\/\/www.novigradsko-proljece.com\/web\/2015\/wp-json\/wp\/v2\/pages\/371\/revisions\/896"}],"wp:attachment":[{"href":"https:\/\/www.novigradsko-proljece.com\/web\/2015\/wp-json\/wp\/v2\/media?parent=371"}],"curies":[{"name":"wp","href":"https:\/\/api.w.org\/{rel}","templated":true}]}}