{"id":369,"date":"2015-04-20T10:18:59","date_gmt":"2015-04-20T10:18:59","guid":{"rendered":"http:\/\/www.novigradsko-proljece.com\/web\/2015\/?page_id=369"},"modified":"2015-04-22T11:18:59","modified_gmt":"2015-04-22T09:18:59","slug":"slika","status":"publish","type":"page","link":"https:\/\/www.novigradsko-proljece.com\/web\/2015\/slika\/","title":{"rendered":"Slika"},"content":{"rendered":"<p>Slika govori vi\u0161e od tisu\u0107u rije\u010di, ona je u obliku videa, fotografije i sli\u010dnog, vizualni medij. Ostavlja dojam i na one najravnodu\u0161nije, jer ono \u0161to se ne mo\u017ee rije\u010dju, mo\u017ee se slikom.<\/p>\n","protected":false},"excerpt":{"rendered":"<p>Slika govori vi\u0161e od tisu\u0107u rije\u010di, ona je u obliku videa, fotografije i sli\u010dnog, vizualni medij. Ostavlja dojam i na one najravnodu\u0161nije, jer ono \u0161to se ne mo\u017ee rije\u010dju, mo\u017ee se slikom.<\/p>\n","protected":false},"author":20,"featured_media":0,"parent":0,"menu_order":0,"comment_status":"open","ping_status":"open","template":"","meta":{"footnotes":""},"class_list":["post-369","page","type-page","status-publish","hentry"],"_links":{"self":[{"href":"https:\/\/www.novigradsko-proljece.com\/web\/2015\/wp-json\/wp\/v2\/pages\/369","targetHints":{"allow":["GET"]}}],"collection":[{"href":"https:\/\/www.novigradsko-proljece.com\/web\/2015\/wp-json\/wp\/v2\/pages"}],"about":[{"href":"https:\/\/www.novigradsko-proljece.com\/web\/2015\/wp-json\/wp\/v2\/types\/page"}],"author":[{"embeddable":true,"href":"https:\/\/www.novigradsko-proljece.com\/web\/2015\/wp-json\/wp\/v2\/users\/20"}],"replies":[{"embeddable":true,"href":"https:\/\/www.novigradsko-proljece.com\/web\/2015\/wp-json\/wp\/v2\/comments?post=369"}],"version-history":[{"count":2,"href":"https:\/\/www.novigradsko-proljece.com\/web\/2015\/wp-json\/wp\/v2\/pages\/369\/revisions"}],"predecessor-version":[{"id":889,"href":"https:\/\/www.novigradsko-proljece.com\/web\/2015\/wp-json\/wp\/v2\/pages\/369\/revisions\/889"}],"wp:attachment":[{"href":"https:\/\/www.novigradsko-proljece.com\/web\/2015\/wp-json\/wp\/v2\/media?parent=369"}],"curies":[{"name":"wp","href":"https:\/\/api.w.org\/{rel}","templated":true}]}}

<p>Slika govori više od tisuću riječi, ona je u obliku videa, fotografije i sličnog, vizualni medij. Ostavlja dojam i na one najravnodušnije, jer ono što se ne može riječju, može se slikom.</p>
