{"id":347,"date":"2015-04-20T10:05:05","date_gmt":"2015-04-20T08:05:05","guid":{"rendered":"http:\/\/www.novigradsko-proljece.com\/web\/2015\/?page_id=347"},"modified":"2015-04-22T17:04:47","modified_gmt":"2015-04-22T15:04:47","slug":"polaznici-radionice-pjevanja","status":"publish","type":"page","link":"https:\/\/www.novigradsko-proljece.com\/web\/2015\/zvuk\/polaznici-radionice-pjevanja\/","title":{"rendered":"Polaznici radionice pjevanja"},"content":{"rendered":"<table style=\"height: 2749px\" width=\"704\">\n<tbody>\n<tr>\n<td colspan=\"2\">Andri\u0107<\/td>\n<td colspan=\"2\">Maja<\/td>\n<td colspan=\"2\">XV. gimnazija<\/td>\n<td colspan=\"2\">Srednja \u0161kola<\/td>\n<td>10000\u00a0 ZAGREB<\/td>\n<td colspan=\"3\">RADIONICA PJEVANJA<\/td>\n<\/tr>\n<tr>\n<td colspan=\"2\">Anti\u0107<\/td>\n<td colspan=\"2\">Dina<\/td>\n<td colspan=\"2\">Fran Krsto Frankopan Vrbnik<\/td>\n<td colspan=\"2\">Osnovna \u0161kola<\/td>\n<td>51516\u00a0 VRBNIK<\/td>\n<td colspan=\"3\">RADIONICA PJEVANJA<\/td>\n<\/tr>\n<tr>\n<td colspan=\"2\">Bari\u0161i\u0107<\/td>\n<td colspan=\"2\">Iva<\/td>\n<td colspan=\"2\">O\u0160 SAMOBOR<\/td>\n<td colspan=\"2\">Osnovna \u0161kola<\/td>\n<td>10430\u00a0 SAMOBOR<\/td>\n<td colspan=\"3\">RADIONICA PJEVANJA<\/td>\n<\/tr>\n<tr>\n<td colspan=\"2\">Crgol<\/td>\n<td colspan=\"2\">Lina<\/td>\n<td colspan=\"2\">O\u0160 &#8220;Jelenje- Dra\u017eice&#8221;<\/td>\n<td colspan=\"2\">Osnovna \u0161kola<\/td>\n<td>51218\u00a0 DRA\u017dICE<\/td>\n<td colspan=\"3\">RADIONICA PJEVANJA<\/td>\n<\/tr>\n<tr>\n<td colspan=\"2\">Dunato<\/td>\n<td colspan=\"2\">Dora<\/td>\n<td colspan=\"2\">O\u0160 &#8220;F. KRSTO FRANKOPAN&#8221;<\/td>\n<td colspan=\"2\">Osnovna \u0161kola<\/td>\n<td>51500\u00a0 KRK<\/td>\n<td colspan=\"3\">RADIONICA PJEVANJA<\/td>\n<\/tr>\n<tr>\n<td colspan=\"2\">Fabijani\u0107<\/td>\n<td colspan=\"2\">Dora<\/td>\n<td colspan=\"2\">O\u0160 Marije i Line Umag<\/td>\n<td colspan=\"2\">Osnovna \u0161kola<\/td>\n<td>52470\u00a0 UMAG (UMAGO)<\/td>\n<td colspan=\"3\">RADIONICA PJEVANJA<\/td>\n<\/tr>\n<tr>\n<td colspan=\"2\">Ferfoglia<\/td>\n<td colspan=\"2\">Nadia<\/td>\n<td colspan=\"2\">Glazbena \u0160kola Ivana Mateti\u0107a Ronjgova Pula<\/td>\n<td colspan=\"2\">Srednja \u0161kola<\/td>\n<td>52100\u00a0 PULA (POLA)<\/td>\n<td colspan=\"3\">RADIONICA PJEVANJA<\/td>\n<\/tr>\n<tr>\n<td colspan=\"2\">Frankovi\u0107<\/td>\n<td colspan=\"2\">Mirea<\/td>\n<td colspan=\"2\">O\u0160 &#8220;Ivo Lola Ribar&#8221; Labin<\/td>\n<td colspan=\"2\">Osnovna \u0161kola<\/td>\n<td>52220\u00a0 LABIN<\/td>\n<td colspan=\"3\">RADIONICA PJEVANJA<\/td>\n<\/tr>\n<tr>\n<td colspan=\"2\">Giuricin<\/td>\n<td colspan=\"2\">Alessio<\/td>\n<td colspan=\"2\">Scuola elementare italiana &#8220;Bernardo Benussi&#8221;<\/td>\n<td colspan=\"2\">Osnovna \u0161kola<\/td>\n<td>52210\u00a0 ROVINJ (ROVIGNO)<\/td>\n<td colspan=\"3\">RADIONICA PJEVANJA<\/td>\n<\/tr>\n<tr>\n<td colspan=\"2\">Gu\u010din \u017dupani\u0107<\/td>\n<td colspan=\"2\">Donatella<\/td>\n<td colspan=\"2\">O\u0160 Marija Bistrica<\/td>\n<td colspan=\"2\">Osnovna \u0161kola<\/td>\n<td>49246\u00a0 MARIJA BISTRICA<\/td>\n<td colspan=\"3\">RADIONICA PJEVANJA<\/td>\n<\/tr>\n<tr>\n<td colspan=\"2\">Horvatin<\/td>\n<td colspan=\"2\">Antonela<\/td>\n<td colspan=\"2\">Osnovna \u0161kola Lijepa na\u0161a Tuhelj<\/td>\n<td colspan=\"2\">Osnovna \u0161kola<\/td>\n<td>49215\u00a0 TUHELJ<\/td>\n<td colspan=\"3\">RADIONICA PJEVANJA<\/td>\n<\/tr>\n<tr>\n<td colspan=\"2\">Hrast<\/td>\n<td colspan=\"2\">Ivor<\/td>\n<td colspan=\"2\">Gra\u0111evinska tehni\u010dka \u0161kola Rijeka<\/td>\n<td colspan=\"2\">Srednja \u0161kola<\/td>\n<td>51000\u00a0 RIJEKA<\/td>\n<td colspan=\"3\">RADIONICA PJEVANJA<\/td>\n<\/tr>\n<tr>\n<td colspan=\"2\">Jurina<\/td>\n<td colspan=\"2\">Laura<\/td>\n<td colspan=\"2\">O\u0160 Fran Krsto Frankopan<\/td>\n<td colspan=\"2\">Osnovna \u0161kola<\/td>\n<td>51500\u00a0 KRK<\/td>\n<td colspan=\"3\">RADIONICA PJEVANJA<\/td>\n<\/tr>\n<tr>\n<td colspan=\"2\">Juri\u010di\u0107<\/td>\n<td colspan=\"2\">Magdalena<\/td>\n<td colspan=\"2\">Osnovna \u0161kola \u0160estine<\/td>\n<td colspan=\"2\">Osnovna \u0161kola<\/td>\n<td>10000\u00a0 ZAGREB<\/td>\n<td colspan=\"3\">RADIONICA PJEVANJA<\/td>\n<\/tr>\n<tr>\n<td colspan=\"2\">Karabai\u0107<\/td>\n<td colspan=\"2\">Ana<\/td>\n<td colspan=\"2\">O\u0160 Fran Krsto Frankopan<\/td>\n<td colspan=\"2\">Osnovna \u0161kola<\/td>\n<td>51521\u00a0 PUNAT<\/td>\n<td colspan=\"3\">RADIONICA PJEVANJA<\/td>\n<\/tr>\n<tr>\n<td colspan=\"2\">Kolak<\/td>\n<td colspan=\"2\">Martina<\/td>\n<td colspan=\"2\">Gimnazija Sesvete<\/td>\n<td colspan=\"2\">Srednja \u0161kola<\/td>\n<td>10360\u00a0 SESVETE<\/td>\n<td colspan=\"3\">RADIONICA PJEVANJA<\/td>\n<\/tr>\n<tr>\n<td colspan=\"2\">Krznar<\/td>\n<td colspan=\"2\">Dora<\/td>\n<td colspan=\"2\">O\u0160 Ksavera \u0160andora Gjalskog Zabok<\/td>\n<td colspan=\"2\">Osnovna \u0161kola<\/td>\n<td>49210\u00a0 ZABOK<\/td>\n<td colspan=\"3\">RADIONICA PJEVANJA<\/td>\n<\/tr>\n<tr>\n<td colspan=\"2\">Lisek<\/td>\n<td colspan=\"2\">Maja Lucija<\/td>\n<td colspan=\"2\">Osnovna \u0161kola Bogumila Tonija<\/td>\n<td colspan=\"2\">Osnovna \u0161kola<\/td>\n<td>10430\u00a0 SAMOBOR<\/td>\n<td colspan=\"3\">RADIONICA PJEVANJA<\/td>\n<\/tr>\n<tr>\n<td colspan=\"2\">Mari\u0107<\/td>\n<td colspan=\"2\">Gabrijela<\/td>\n<td colspan=\"2\">Osnovna \u0161kola Petrijanec<\/td>\n<td colspan=\"2\">Osnovna \u0161kola<\/td>\n<td>42206\u00a0 PETRIJANEC<\/td>\n<td colspan=\"3\">RADIONICA PJEVANJA<\/td>\n<\/tr>\n<tr>\n<td colspan=\"2\">Matu\u0161an<\/td>\n<td colspan=\"2\">Karla<\/td>\n<td colspan=\"2\">Osnovna \u0161kola Ivana Rabljanina Rab<\/td>\n<td colspan=\"2\">Osnovna \u0161kola<\/td>\n<td>51280\u00a0 RAB<\/td>\n<td colspan=\"3\">RADIONICA PJEVANJA<\/td>\n<\/tr>\n<tr>\n<td>Milevoj<\/td>\n<td colspan=\"2\">Massima<\/td>\n<td colspan=\"2\">Srednja \u0161kola Mate Bla\u017eine Labin<\/td>\n<td colspan=\"2\">Srednja \u0161kola<\/td>\n<td colspan=\"3\">52220\u00a0 LABIN<\/td>\n<td>RADIONICA PJEVANJA<\/td>\n<\/tr>\n<tr>\n<td>Milo\u0161<\/td>\n<td colspan=\"2\">Reana<\/td>\n<td colspan=\"2\">Osnovna \u0161kola &#8220;Rivarela&#8221;<\/td>\n<td colspan=\"2\">Osnovna \u0161kola<\/td>\n<td colspan=\"3\">52466\u00a0 NOVIGRAD (CITTANOVA)<\/td>\n<td>RADIONICA PJEVANJA<\/td>\n<\/tr>\n<tr>\n<td>Mrv\u010di\u0107<\/td>\n<td colspan=\"2\">Ivana<\/td>\n<td colspan=\"2\">O\u0160 DRAGUTINA DOMJANI\u0106A,SVETI IVAN ZELINA<\/td>\n<td colspan=\"2\">Osnovna \u0161kola<\/td>\n<td colspan=\"3\">10380\u00a0 SVETI IVAN ZELINA<\/td>\n<td>RADIONICA PJEVANJA<\/td>\n<\/tr>\n<tr>\n<td>Nonveiller<\/td>\n<td colspan=\"2\">Monika<\/td>\n<td colspan=\"2\">O\u0160 &#8220;FRAN KRSTO FRANKOPAN&#8221; KRK (P\u0160 DOBRINJ)<\/td>\n<td colspan=\"2\">Osnovna \u0161kola<\/td>\n<td colspan=\"3\">51500\u00a0 KRK<\/td>\n<td>RADIONICA PJEVANJA<\/td>\n<\/tr>\n<tr>\n<td>Opa\u010di\u0107<\/td>\n<td colspan=\"2\">Vid<\/td>\n<td colspan=\"2\">O\u0160 SAMOBOR<\/td>\n<td colspan=\"2\">Osnovna \u0161kola<\/td>\n<td colspan=\"3\">10430\u00a0 SAMOBOR<\/td>\n<td>RADIONICA PJEVANJA<\/td>\n<\/tr>\n<tr>\n<td>Peri\u0161<\/td>\n<td colspan=\"2\">Mihaela<\/td>\n<td colspan=\"2\">O\u0160 Rude\u0161<\/td>\n<td colspan=\"2\">Osnovna \u0161kola<\/td>\n<td colspan=\"3\">10000\u00a0 ZAGREB<\/td>\n<td>RADIONICA PJEVANJA<\/td>\n<\/tr>\n<tr>\n<td>Rado\u0161<\/td>\n<td colspan=\"2\">Rafaela<\/td>\n<td colspan=\"2\">Osnovna \u0160kola Ivanke Trohar Fu\u017eine<\/td>\n<td colspan=\"2\">Osnovna \u0161kola<\/td>\n<td colspan=\"3\">51322\u00a0 FU\u017dINE<\/td>\n<td>RADIONICA PJEVANJA<\/td>\n<\/tr>\n<tr>\n<td>REPAR<\/td>\n<td colspan=\"2\">IDA MATILDA<\/td>\n<td colspan=\"2\">Osnovna \u0161kola Donja Stubica<\/td>\n<td colspan=\"2\">Osnovna \u0161kola<\/td>\n<td colspan=\"3\">49240\u00a0 DONJA STUBICA<\/td>\n<td>RADIONICA PJEVANJA<\/td>\n<\/tr>\n<tr>\n<td>robl<\/td>\n<td colspan=\"2\">melanie<\/td>\n<td colspan=\"2\">os fkf punat<\/td>\n<td colspan=\"2\">Osnovna \u0161kola<\/td>\n<td colspan=\"3\">51521\u00a0 PUNAT<\/td>\n<td>RADIONICA PJEVANJA<\/td>\n<\/tr>\n<tr>\n<td>Robl<\/td>\n<td colspan=\"2\">Michelle<\/td>\n<td colspan=\"2\">os fkf punat<\/td>\n<td colspan=\"2\">Osnovna \u0161kola<\/td>\n<td colspan=\"3\">51521\u00a0 PUNAT<\/td>\n<td>RADIONICA PJEVANJA<\/td>\n<\/tr>\n<tr>\n<td>Toljani\u0107<\/td>\n<td colspan=\"2\">Ljubica<\/td>\n<td colspan=\"2\">Fran Krsto Frankopan<\/td>\n<td colspan=\"2\">Osnovna \u0161kola<\/td>\n<td colspan=\"3\">51516\u00a0 VRBNIK<\/td>\n<td>RADIONICA PJEVANJA<\/td>\n<\/tr>\n<tr>\n<td>Tomac<\/td>\n<td colspan=\"2\">Iva<\/td>\n<td colspan=\"2\">O\u0160 Gornja Ve\u017eica<\/td>\n<td colspan=\"2\">Osnovna \u0161kola<\/td>\n<td colspan=\"3\">51000\u00a0 RIJEKA<\/td>\n<td>RADIONICA PJEVANJA<\/td>\n<\/tr>\n<tr>\n<td>Tomorad<\/td>\n<td colspan=\"2\">Marija<\/td>\n<td colspan=\"2\">Srednja \u0161kola Zlatar<\/td>\n<td colspan=\"2\">Srednja \u0161kola<\/td>\n<td colspan=\"3\">49250\u00a0 ZLATAR<\/td>\n<td>RADIONICA PJEVANJA<\/td>\n<\/tr>\n<tr>\n<td>Tr\u0161inski<\/td>\n<td colspan=\"2\">Anamaria<\/td>\n<td colspan=\"2\">Osnovna \u0161kola Ksavera \u0160andora Gjalskog Zabok<\/td>\n<td colspan=\"2\">Osnovna \u0161kola<\/td>\n<td colspan=\"3\">49210\u00a0 ZABOK<\/td>\n<td>RADIONICA PJEVANJA<\/td>\n<\/tr>\n<tr>\n<td>Tur\u010di\u0107<\/td>\n<td colspan=\"2\">Petra<\/td>\n<td colspan=\"2\">O\u0160 &#8220;Fran Krsto Frankopan&#8221;<\/td>\n<td colspan=\"2\">Osnovna \u0161kola<\/td>\n<td colspan=\"3\">51500\u00a0 KRK<\/td>\n<td>RADIONICA PJEVANJA<\/td>\n<\/tr>\n<tr>\n<td>Zlati\u0107<\/td>\n<td colspan=\"2\">Vida<\/td>\n<td colspan=\"2\">SG\u0160 Ivana Mateti\u0107a Ronjgova<\/td>\n<td colspan=\"2\">Srednja \u0161kola<\/td>\n<td colspan=\"3\">51000\u00a0 RIJEKA<\/td>\n<td>RADIONICA PJEVANJA<\/td>\n<\/tr>\n<tr>\n<td>\u0106avar<\/td>\n<td colspan=\"2\">Sara<\/td>\n<td colspan=\"2\">O\u0160 Jurja Dobrile<\/td>\n<td colspan=\"2\">Osnovna \u0161kola<\/td>\n<td colspan=\"3\">52210\u00a0 ROVINJ (ROVIGNO)<\/td>\n<td>RADIONICA PJEVANJA<\/td>\n<\/tr>\n<\/tbody>\n<\/table>\n<p>&nbsp;<\/p>\n<p>Hospitanti:<\/p>\n<table>\n<tbody>\n<tr>\n<td>Bujani\u0107<\/td>\n<td>Vi\u0161njja<\/td>\n<td><\/td>\n<td>O\u0160 Josipa Kozarca<\/td>\n<td>33520\u00a0 SLATINA<\/td>\n<td>RADIONICA PJEVANJA<\/td>\n<td><\/td>\n<\/tr>\n<tr>\n<td>Krivak<\/td>\n<td>Snje\u017eana<\/td>\n<td><\/td>\n<td>O\u0160 Dragutina Domjani\u0107a, Sveti Ivan Zelina<\/td>\n<td>10380\u00a0 SVETI IVAN ZELINA<\/td>\n<td>RADIONICA PJEVANJA<\/td>\n<td><\/td>\n<\/tr>\n<tr>\n<td>Stubli\u0107<\/td>\n<td>Mirta<\/td>\n<td><\/td>\n<td>O\u0160 Josipa Zori\u0107a<\/td>\n<td>10370\u00a0 DUGO SELO<\/td>\n<td>RADIONICA PJEVANJA<\/td>\n<td><\/td>\n<\/tr>\n<\/tbody>\n<\/table>\n","protected":false},"excerpt":{"rendered":"<p>Andri\u0107 Maja XV. gimnazija Srednja \u0161kola 10000\u00a0 ZAGREB RADIONICA PJEVANJA Anti\u0107 Dina Fran Krsto Frankopan Vrbnik Osnovna \u0161kola 51516\u00a0 VRBNIK RADIONICA PJEVANJA Bari\u0161i\u0107 Iva O\u0160 SAMOBOR Osnovna \u0161kola 10430\u00a0 SAMOBOR RADIONICA PJEVANJA Crgol Lina O\u0160 &#8220;Jelenje- Dra\u017eice&#8221; Osnovna \u0161kola 51218\u00a0 DRA\u017dICE RADIONICA PJEVANJA Dunato Dora O\u0160 &#8220;F. KRSTO FRANKOPAN&#8221; Osnovna \u0161kola 51500\u00a0 KRK RADIONICA PJEVANJA [&hellip;]<\/p>\n","protected":false},"author":20,"featured_media":0,"parent":371,"menu_order":0,"comment_status":"open","ping_status":"closed","template":"","meta":{"footnotes":""},"class_list":["post-347","page","type-page","status-publish","hentry"],"_links":{"self":[{"href":"https:\/\/www.novigradsko-proljece.com\/web\/2015\/wp-json\/wp\/v2\/pages\/347","targetHints":{"allow":["GET"]}}],"collection":[{"href":"https:\/\/www.novigradsko-proljece.com\/web\/2015\/wp-json\/wp\/v2\/pages"}],"about":[{"href":"https:\/\/www.novigradsko-proljece.com\/web\/2015\/wp-json\/wp\/v2\/types\/page"}],"author":[{"embeddable":true,"href":"https:\/\/www.novigradsko-proljece.com\/web\/2015\/wp-json\/wp\/v2\/users\/20"}],"replies":[{"embeddable":true,"href":"https:\/\/www.novigradsko-proljece.com\/web\/2015\/wp-json\/wp\/v2\/comments?post=347"}],"version-history":[{"count":2,"href":"https:\/\/www.novigradsko-proljece.com\/web\/2015\/wp-json\/wp\/v2\/pages\/347\/revisions"}],"predecessor-version":[{"id":1034,"href":"https:\/\/www.novigradsko-proljece.com\/web\/2015\/wp-json\/wp\/v2\/pages\/347\/revisions\/1034"}],"up":[{"embeddable":true,"href":"https:\/\/www.novigradsko-proljece.com\/web\/2015\/wp-json\/wp\/v2\/pages\/371"}],"wp:attachment":[{"href":"https:\/\/www.novigradsko-proljece.com\/web\/2015\/wp-json\/wp\/v2\/media?parent=347"}],"curies":[{"name":"wp","href":"https:\/\/api.w.org\/{rel}","templated":true}]}}