{"id":331,"date":"2015-04-20T09:54:39","date_gmt":"2015-04-20T07:54:39","guid":{"rendered":"http:\/\/www.novigradsko-proljece.com\/web\/2015\/?page_id=331"},"modified":"2015-04-22T17:04:33","modified_gmt":"2015-04-22T15:04:33","slug":"polaznici-radijske-radionice","status":"publish","type":"page","link":"https:\/\/www.novigradsko-proljece.com\/web\/2015\/rijec\/polaznici-radijske-radionice\/","title":{"rendered":"Polaznici radijske radionice"},"content":{"rendered":"<table width=\"871\">\n<tbody>\n<tr>\n<td>Andri\u0107<\/td>\n<td>Katja<\/td>\n<td>Gimnazija Andrije Mohorovi\u010di\u0107a Rijeka<\/td>\n<td>Srednja \u0161kola<\/td>\n<td>51000\u00a0 RIJEKA<\/td>\n<td>RADIJSKA RADIONICA<\/td>\n<\/tr>\n<tr>\n<td>Bembi\u0107<\/td>\n<td>Antonio<\/td>\n<td>Srednja \u0161kola Mate Bla\u017eine Labin<\/td>\n<td>Srednja \u0161kola<\/td>\n<td>52220\u00a0 LABIN<\/td>\n<td>RADIJSKA RADIONICA<\/td>\n<\/tr>\n<tr>\n<td>Hlavica<\/td>\n<td>Lana<\/td>\n<td>OSNOVNA \u0160KOLA &#8220;VLADIMIR GORTAN&#8221;<\/td>\n<td>Osnovna \u0161kola<\/td>\n<td>51000\u00a0 RIJEKA<\/td>\n<td>RADIJSKA RADIONICA<\/td>\n<\/tr>\n<tr>\n<td>Jerkovi\u0107<\/td>\n<td>Martina<\/td>\n<td>O\u0160 Rude\u0161<\/td>\n<td>Osnovna \u0161kola<\/td>\n<td>10000\u00a0 ZAGREB<\/td>\n<td>RADIJSKA RADIONICA<\/td>\n<\/tr>\n<tr>\n<td>KRAMAR<\/td>\n<td>NIKA<\/td>\n<td>O\u0160 Marija Bistrica<\/td>\n<td>Osnovna \u0161kola<\/td>\n<td>49246\u00a0 MARIJA BISTRICA<\/td>\n<td>RADIJSKA RADIONICA<\/td>\n<\/tr>\n<tr>\n<td>Kure\u010di\u0107<\/td>\n<td>Ena<\/td>\n<td>Osnovna \u0161kola Petrijanec<\/td>\n<td>Osnovna \u0161kola<\/td>\n<td>42206\u00a0 PETRIJANEC<\/td>\n<td>RADIJSKA RADIONICA<\/td>\n<\/tr>\n<tr>\n<td>Leskovar<\/td>\n<td>Klara<\/td>\n<td>Osnovna \u0161kola Petrijanec<\/td>\n<td>Osnovna \u0161kola<\/td>\n<td>42206\u00a0 PETRIJANEC<\/td>\n<td>RADIJSKA RADIONICA<\/td>\n<\/tr>\n<tr>\n<td>Maru\u0161i\u0107<\/td>\n<td>Maja<\/td>\n<td>Osnovna \u0161kola \u010cavle<\/td>\n<td>Osnovna \u0161kola<\/td>\n<td>51219\u00a0 \u010cAVLE<\/td>\n<td>RADIJSKA RADIONICA<\/td>\n<\/tr>\n<tr>\n<td>Medved<\/td>\n<td>Nika<\/td>\n<td>O\u0160 SAMOBOR<\/td>\n<td>Osnovna \u0161kola<\/td>\n<td>10430\u00a0 SAMOBOR<\/td>\n<td>RADIJSKA RADIONICA<\/td>\n<\/tr>\n<tr>\n<td>Reni\u0107<\/td>\n<td>Luka<\/td>\n<td>Osnovna \u0161kola Ivana Rabljanina Rab<\/td>\n<td>Osnovna \u0161kola<\/td>\n<td>51280\u00a0 RAB<\/td>\n<td>RADIJSKA RADIONICA<\/td>\n<\/tr>\n<tr>\n<td>Sitar<\/td>\n<td>Morena<\/td>\n<td>Osnovna \u0161kola Kostrena<\/td>\n<td>Osnovna \u0161kola<\/td>\n<td>51221\u00a0 KOSTRENA<\/td>\n<td>RADIJSKA RADIONICA<\/td>\n<\/tr>\n<tr>\n<td>Tomorad<\/td>\n<td>Ema<\/td>\n<td>Srednja \u0161kola Zlatar<\/td>\n<td>Srednja \u0161kola<\/td>\n<td>49250\u00a0 ZLATAR<\/td>\n<td>RADIJSKA RADIONICA<\/td>\n<\/tr>\n<tr>\n<td>Tu\u0161ek<\/td>\n<td>Klara<\/td>\n<td>OSNOVNA \u0160KOLA STJEPANA RADI\u0106A \u010cAGLIN<\/td>\n<td>Osnovna \u0161kola<\/td>\n<td>34350\u00a0 \u010cAGLIN<\/td>\n<td>RADIJSKA RADIONICA<\/td>\n<td>&nbsp;<\/p>\n<p>&nbsp;<\/td>\n<\/tr>\n<\/tbody>\n<\/table>\n<p>&nbsp;<\/p>\n<p>Hospitanti:<\/p>\n<table>\n<tbody>\n<tr>\n<td>Petri\u0161 Banovec<\/td>\n<td>Melita<\/td>\n<td><\/td>\n<td>Osnovna \u0161kola Marija Bistrica<\/td>\n<td>49246\u00a0 MARIJA BISTRICA<\/td>\n<td>RADIJSKA RADIONICA<\/td>\n<td><\/td>\n<\/tr>\n<tr>\n<td>Rabuzin<\/td>\n<td>\u017deljka<\/td>\n<td><\/td>\n<td>Osnovna \u0161kola Petrijanec<\/td>\n<td>42206\u00a0 PETRIJANEC<\/td>\n<td>RADIJSKA RADIONICA<\/td>\n<td><\/td>\n<\/tr>\n<\/tbody>\n<\/table>\n","protected":false},"excerpt":{"rendered":"<p>Andri\u0107 Katja Gimnazija Andrije Mohorovi\u010di\u0107a Rijeka Srednja \u0161kola 51000\u00a0 RIJEKA RADIJSKA RADIONICA Bembi\u0107 Antonio Srednja \u0161kola Mate Bla\u017eine Labin Srednja \u0161kola 52220\u00a0 LABIN RADIJSKA RADIONICA Hlavica Lana OSNOVNA \u0160KOLA &#8220;VLADIMIR GORTAN&#8221; Osnovna \u0161kola 51000\u00a0 RIJEKA RADIJSKA RADIONICA Jerkovi\u0107 Martina O\u0160 Rude\u0161 Osnovna \u0161kola 10000\u00a0 ZAGREB RADIJSKA RADIONICA KRAMAR NIKA O\u0160 Marija Bistrica Osnovna \u0161kola 49246\u00a0 [&hellip;]<\/p>\n","protected":false},"author":20,"featured_media":0,"parent":367,"menu_order":0,"comment_status":"open","ping_status":"closed","template":"","meta":{"footnotes":""},"class_list":["post-331","page","type-page","status-publish","hentry"],"_links":{"self":[{"href":"https:\/\/www.novigradsko-proljece.com\/web\/2015\/wp-json\/wp\/v2\/pages\/331","targetHints":{"allow":["GET"]}}],"collection":[{"href":"https:\/\/www.novigradsko-proljece.com\/web\/2015\/wp-json\/wp\/v2\/pages"}],"about":[{"href":"https:\/\/www.novigradsko-proljece.com\/web\/2015\/wp-json\/wp\/v2\/types\/page"}],"author":[{"embeddable":true,"href":"https:\/\/www.novigradsko-proljece.com\/web\/2015\/wp-json\/wp\/v2\/users\/20"}],"replies":[{"embeddable":true,"href":"https:\/\/www.novigradsko-proljece.com\/web\/2015\/wp-json\/wp\/v2\/comments?post=331"}],"version-history":[{"count":2,"href":"https:\/\/www.novigradsko-proljece.com\/web\/2015\/wp-json\/wp\/v2\/pages\/331\/revisions"}],"predecessor-version":[{"id":1032,"href":"https:\/\/www.novigradsko-proljece.com\/web\/2015\/wp-json\/wp\/v2\/pages\/331\/revisions\/1032"}],"up":[{"embeddable":true,"href":"https:\/\/www.novigradsko-proljece.com\/web\/2015\/wp-json\/wp\/v2\/pages\/367"}],"wp:attachment":[{"href":"https:\/\/www.novigradsko-proljece.com\/web\/2015\/wp-json\/wp\/v2\/media?parent=331"}],"curies":[{"name":"wp","href":"https:\/\/api.w.org\/{rel}","templated":true}]}}