{"id":327,"date":"2015-04-20T09:51:22","date_gmt":"2015-04-20T07:51:22","guid":{"rendered":"http:\/\/www.novigradsko-proljece.com\/web\/2015\/?page_id=327"},"modified":"2015-04-22T17:05:10","modified_gmt":"2015-04-22T15:05:10","slug":"polaznici-radionice-novina-na-internetu","status":"publish","type":"page","link":"https:\/\/www.novigradsko-proljece.com\/web\/2015\/rijec\/polaznici-radionice-novina-na-internetu\/","title":{"rendered":"Polaznici radionice novina na internetu"},"content":{"rendered":"<table width=\"612\">\n<tbody>\n<tr>\n<td>Beletic<\/td>\n<td>Ivan<\/td>\n<td>Gospodarska \u0160kola Buje<\/td>\n<td>Srednja \u0161kola<\/td>\n<td>52460\u00a0 BUJE (BUIE)<\/td>\n<\/tr>\n<tr>\n<td>Dundara<\/td>\n<td>Petar<\/td>\n<td>O\u0160 &#8220;Ivo Lola Ribar&#8221; Labin<\/td>\n<td>Osnovna \u0161kola<\/td>\n<td>52220\u00a0 LABIN<\/td>\n<\/tr>\n<tr>\n<td>JOZI\u0106<\/td>\n<td>PAULA<\/td>\n<td>Osnovna \u0161kola Donja Stubica<\/td>\n<td>Osnovna \u0161kola<\/td>\n<td>49240\u00a0 DONJA STUBICA<\/td>\n<\/tr>\n<tr>\n<td>Klap\u010di\u0107<\/td>\n<td>Marko<\/td>\n<td>O\u0160 &#8220;Ivo Lola Ribar&#8221; Labin<\/td>\n<td>Osnovna \u0161kola<\/td>\n<td>52220\u00a0 LABIN<\/td>\n<\/tr>\n<tr>\n<td>Me\u0161tri\u0107<\/td>\n<td>Lana<\/td>\n<td>DRUGA GIMNAZIJA VARA\u017dDIN<\/td>\n<td>Srednja \u0161kola<\/td>\n<td>42000\u00a0 VARA\u017dDIN<\/td>\n<\/tr>\n<tr>\n<td>Orepi\u0107<\/td>\n<td>Iva<\/td>\n<td>Osnovna \u0161kola Cavtat<\/td>\n<td>Osnovna \u0161kola<\/td>\n<td>20210\u00a0 CAVTAT<\/td>\n<\/tr>\n<tr>\n<td>Smoli\u0107<\/td>\n<td>Pavao<\/td>\n<td>O\u0160 Ksavera \u0160andora Gjalskog Zabok<\/td>\n<td>Osnovna \u0161kola<\/td>\n<td>49210\u00a0 ZABOK<\/td>\n<\/tr>\n<tr>\n<td>Toljan<\/td>\n<td>Katarina<\/td>\n<td>O\u0160 &#8220;Stjepan Radi\u0107&#8221;<\/td>\n<td>Osnovna \u0161kola<\/td>\n<td>10370\u00a0 DUGO SELO<\/td>\n<\/tr>\n<tr>\n<td>U\u0161ljebrka<\/td>\n<td>Karla<\/td>\n<td>Osnovna \u0161kola \u010cavle<\/td>\n<td>Osnovna \u0161kola<\/td>\n<td>51219\u00a0 \u010cAVLE<\/td>\n<\/tr>\n<tr>\n<td>Vu\u010deti\u0107<\/td>\n<td>Karlo<\/td>\n<td>Prva hrvatska rije\u010dka gimnazija<\/td>\n<td>Srednja \u0161kola<\/td>\n<td>51000\u00a0 RIJEKA<\/td>\n<\/tr>\n<tr>\n<td>\u010ceh<\/td>\n<td>Loris<\/td>\n<td>Osnovna \u0161kola Kostrena<\/td>\n<td>Osnovna \u0161kola<\/td>\n<td>51221\u00a0 KOSTRENA<\/td>\n<\/tr>\n<\/tbody>\n<\/table>\n<p>&nbsp;<\/p>\n<p>Hospitanti:<\/p>\n<table>\n<tbody>\n<tr>\n<td>FONOVI\u0106<\/td>\n<td>ANA<\/td>\n<td><\/td>\n<td>Hrvatska nastava u Talijanskoj Republici, nastavna mjesta Trst i Monfalcone<\/td>\n<td>Trst &#8211; Trieste \/ Italija<\/td>\n<td>RADIONICA NOVINA NA INTERNETU<\/td>\n<td><\/td>\n<\/tr>\n<tr>\n<td>Gregorini\u0107<\/td>\n<td>Sanja<\/td>\n<td><\/td>\n<td>Srednja \u0161kola Mate Bla\u017eine Labin<\/td>\n<td>52220\u00a0 LABIN<\/td>\n<td>RADIONICA NOVINA NA INTERNETU<\/td>\n<td><\/td>\n<\/tr>\n<tr>\n<td>Lisica<\/td>\n<td>Ana<\/td>\n<td><\/td>\n<td>Osnovna \u0161kola Bartula Ka\u0161i\u0107a<\/td>\n<td>23000\u00a0 ZADAR<\/td>\n<td>RADIONICA NOVINA NA INTERNETU<\/td>\n<td><\/td>\n<\/tr>\n<tr>\n<td>Radikovi\u0107<\/td>\n<td>Tanja<\/td>\n<td><\/td>\n<td>Osnovna \u0161kola Ivanovec<\/td>\n<td>40000\u00a0 \u010cAKOVEC<\/td>\n<td>RADIONICA NOVINA NA INTERNETU<\/td>\n<td><\/td>\n<\/tr>\n<\/tbody>\n<\/table>\n","protected":false},"excerpt":{"rendered":"<p>Beletic Ivan Gospodarska \u0160kola Buje Srednja \u0161kola 52460\u00a0 BUJE (BUIE) Dundara Petar O\u0160 &#8220;Ivo Lola Ribar&#8221; Labin Osnovna \u0161kola 52220\u00a0 LABIN JOZI\u0106 PAULA Osnovna \u0161kola Donja Stubica Osnovna \u0161kola 49240\u00a0 DONJA STUBICA Klap\u010di\u0107 Marko O\u0160 &#8220;Ivo Lola Ribar&#8221; Labin Osnovna \u0161kola 52220\u00a0 LABIN Me\u0161tri\u0107 Lana DRUGA GIMNAZIJA VARA\u017dDIN Srednja \u0161kola 42000\u00a0 VARA\u017dDIN Orepi\u0107 Iva Osnovna [&hellip;]<\/p>\n","protected":false},"author":20,"featured_media":0,"parent":367,"menu_order":0,"comment_status":"open","ping_status":"closed","template":"","meta":{"footnotes":""},"class_list":["post-327","page","type-page","status-publish","hentry"],"_links":{"self":[{"href":"https:\/\/www.novigradsko-proljece.com\/web\/2015\/wp-json\/wp\/v2\/pages\/327","targetHints":{"allow":["GET"]}}],"collection":[{"href":"https:\/\/www.novigradsko-proljece.com\/web\/2015\/wp-json\/wp\/v2\/pages"}],"about":[{"href":"https:\/\/www.novigradsko-proljece.com\/web\/2015\/wp-json\/wp\/v2\/types\/page"}],"author":[{"embeddable":true,"href":"https:\/\/www.novigradsko-proljece.com\/web\/2015\/wp-json\/wp\/v2\/users\/20"}],"replies":[{"embeddable":true,"href":"https:\/\/www.novigradsko-proljece.com\/web\/2015\/wp-json\/wp\/v2\/comments?post=327"}],"version-history":[{"count":2,"href":"https:\/\/www.novigradsko-proljece.com\/web\/2015\/wp-json\/wp\/v2\/pages\/327\/revisions"}],"predecessor-version":[{"id":1036,"href":"https:\/\/www.novigradsko-proljece.com\/web\/2015\/wp-json\/wp\/v2\/pages\/327\/revisions\/1036"}],"up":[{"embeddable":true,"href":"https:\/\/www.novigradsko-proljece.com\/web\/2015\/wp-json\/wp\/v2\/pages\/367"}],"wp:attachment":[{"href":"https:\/\/www.novigradsko-proljece.com\/web\/2015\/wp-json\/wp\/v2\/media?parent=327"}],"curies":[{"name":"wp","href":"https:\/\/api.w.org\/{rel}","templated":true}]}}

<table width="612">
<tbody>
<tr>
<td>Beletic</td>
<td>Ivan</td>
<td>Gospodarska Škola Buje</td>
<td>Srednja škola</td>
<td>52460  BUJE (BUIE)</td>
</tr>
<tr>
<td>Dundara</td>
<td>Petar</td>
<td>OŠ &#8220;Ivo Lola Ribar&#8221; Labin</td>
<td>Osnovna škola</td>
<td>52220  LABIN</td>
</tr>
<tr>
<td>JOZIĆ</td>
<td>PAULA</td>
<td>Osnovna škola Donja Stubica</td>
<td>Osnovna škola</td>
<td>49240  DONJA STUBICA</td>
</tr>
<tr>
<td>Klapčić</td>
<td>Marko</td>
<td>OŠ &#8220;Ivo Lola Ribar&#8221; Labin</td>
<td>Osnovna škola</td>
<td>52220  LABIN</td>
</tr>
<tr>
<td>Meštrić</td>
<td>Lana</td>
<td>DRUGA GIMNAZIJA VARAŽDIN</td>
<td>Srednja škola</td>
<td>42000  VARAŽDIN</td>
</tr>
<tr>
<td>Orepić</td>
<td>Iva</td>
<td>Osnovna škola Cavtat</td>
<td>Osnovna škola</td>
<td>20210  CAVTAT</td>
</tr>
<tr>
<td>Smolić</td>
<td>Pavao</td>
<td>OŠ Ksavera Šandora Gjalskog Zabok</td>
<td>Osnovna škola</td>
<td>49210  ZABOK</td>
</tr>
<tr>
<td>Toljan</td>
<td>Katarina</td>
<td>OŠ &#8220;Stjepan Radić&#8221;</td>
<td>Osnovna škola</td>
<td>10370  DUGO SELO</td>
</tr>
<tr>
<td>Ušljebrka</td>
<td>Karla</td>
<td>Osnovna škola Čavle</td>
<td>Osnovna škola</td>
<td>51219  ČAVLE</td>
</tr>
<tr>
<td>Vučetić</td>
<td>Karlo</td>
<td>Prva hrvatska riječka gimnazija</td>
<td>Srednja škola</td>
<td>51000  RIJEKA</td>
</tr>
<tr>
<td>Čeh</td>
<td>Loris</td>
<td>Osnovna škola Kostrena</td>
<td>Osnovna škola</td>
<td>51221  KOSTRENA</td>
</tr>
</tbody>
</table>
<p>&nbsp;</p>
<p>Hospitanti:</p>
<table>
<tbody>
<tr>
<td>FONOVIĆ</td>
<td>ANA</td>
<td></td>
<td>Hrvatska nastava u Talijanskoj Republici, nastavna mjesta Trst i Monfalcone</td>
<td>Trst &#8211; Trieste / Italija</td>
<td>RADIONICA NOVINA NA INTERNETU</td>
<td></td>
</tr>
<tr>
<td>Gregorinić</td>
<td>Sanja</td>
<td></td>
<td>Srednja škola Mate Blažine Labin</td>
<td>52220  LABIN</td>
<td>RADIONICA NOVINA NA INTERNETU</td>
<td></td>
</tr>
<tr>
<td>Lisica</td>
<td>Ana</td>
<td></td>
<td>Osnovna škola Bartula Kašića</td>
<td>23000  ZADAR</td>
<td>RADIONICA NOVINA NA INTERNETU</td>
<td></td>
</tr>
<tr>
<td>Radiković</td>
<td>Tanja</td>
<td></td>
<td>Osnovna škola Ivanovec</td>
<td>40000  ČAKOVEC</td>
<td>RADIONICA NOVINA NA INTERNETU</td>
<td></td>
</tr>
</tbody>
</table>

<p>Beletic Ivan Gospodarska Škola Buje Srednja škola 52460  BUJE (BUIE) Dundara Petar OŠ &#8220;Ivo Lola Ribar&#8221; Labin Osnovna škola 52220  LABIN JOZIĆ PAULA Osnovna škola Donja Stubica Osnovna škola 49240  DONJA STUBICA Klapčić Marko OŠ &#8220;Ivo Lola Ribar&#8221; Labin Osnovna škola 52220  LABIN Meštrić Lana DRUGA GIMNAZIJA VARAŽDIN Srednja škola 42000  VARAŽDIN Orepić Iva Osnovna [&hellip;]</p>
