{"id":304,"date":"2015-04-20T08:55:57","date_gmt":"2015-04-20T08:55:57","guid":{"rendered":"http:\/\/www.novigradsko-proljece.com\/web\/2015\/?page_id=304"},"modified":"2015-04-20T08:56:22","modified_gmt":"2015-04-20T08:56:22","slug":"clanovi-drzavnog-povjerenstva-smotre-proljece","status":"publish","type":"page","link":"https:\/\/www.novigradsko-proljece.com\/web\/2015\/o-nama\/clanovi-drzavnog-povjerenstva-smotre-proljece\/","title":{"rendered":"\u010clanovi dr\u017eavnog povjerenstva"},"content":{"rendered":"<p>&nbsp;<\/p>\n<ol>\n<li>Mirela Barbaro\u0161a-\u0160iki\u0107, prof., Agencija za odgoj i obrazovanje, Donje Svetice 38, Zagreb<\/li>\n<li>Theodor de Canziani, prof., Prva su\u0161a\u010dka hrvatska gimnazija, Gajeva 1, Rijeka<\/li>\n<li>Miroslav Mi\u0107anovi\u0107, prof., Agencija za odgoj i obrazovanje, Donje Svetice 38, Zagreb<\/li>\n<li>Davorka Parma\u010d, prof., ravnateljica O\u0160 Rivarela, Emonijska 4, Novigrad<\/li>\n<li>Josip Prudeus, samostalni umjetnik, Matija\u0161a Korvina 18, Samobor<\/li>\n<li>Nora Krstulovi\u0107, redateljica, samostalna umjetnica, Arsenal 1, Kor\u010dula<\/li>\n<li>Maja Zrn\u010di\u0107, prof., Ministarstvo kulture RH-a, Runjaninova 2, Zagreb<\/li>\n<\/ol>\n","protected":false},"excerpt":{"rendered":"<p>&nbsp; Mirela Barbaro\u0161a-\u0160iki\u0107, prof., Agencija za odgoj i obrazovanje, Donje Svetice 38, Zagreb Theodor de Canziani, prof., Prva su\u0161a\u010dka hrvatska gimnazija, Gajeva 1, Rijeka Miroslav Mi\u0107anovi\u0107, prof., Agencija za odgoj i obrazovanje, Donje Svetice 38, Zagreb Davorka Parma\u010d, prof., ravnateljica O\u0160 Rivarela, Emonijska 4, Novigrad Josip Prudeus, samostalni umjetnik, Matija\u0161a Korvina 18, Samobor Nora Krstulovi\u0107, [&hellip;]<\/p>\n","protected":false},"author":20,"featured_media":0,"parent":240,"menu_order":0,"comment_status":"open","ping_status":"open","template":"","meta":{"footnotes":""},"class_list":["post-304","page","type-page","status-publish","hentry"],"_links":{"self":[{"href":"https:\/\/www.novigradsko-proljece.com\/web\/2015\/wp-json\/wp\/v2\/pages\/304","targetHints":{"allow":["GET"]}}],"collection":[{"href":"https:\/\/www.novigradsko-proljece.com\/web\/2015\/wp-json\/wp\/v2\/pages"}],"about":[{"href":"https:\/\/www.novigradsko-proljece.com\/web\/2015\/wp-json\/wp\/v2\/types\/page"}],"author":[{"embeddable":true,"href":"https:\/\/www.novigradsko-proljece.com\/web\/2015\/wp-json\/wp\/v2\/users\/20"}],"replies":[{"embeddable":true,"href":"https:\/\/www.novigradsko-proljece.com\/web\/2015\/wp-json\/wp\/v2\/comments?post=304"}],"version-history":[{"count":2,"href":"https:\/\/www.novigradsko-proljece.com\/web\/2015\/wp-json\/wp\/v2\/pages\/304\/revisions"}],"predecessor-version":[{"id":306,"href":"https:\/\/www.novigradsko-proljece.com\/web\/2015\/wp-json\/wp\/v2\/pages\/304\/revisions\/306"}],"up":[{"embeddable":true,"href":"https:\/\/www.novigradsko-proljece.com\/web\/2015\/wp-json\/wp\/v2\/pages\/240"}],"wp:attachment":[{"href":"https:\/\/www.novigradsko-proljece.com\/web\/2015\/wp-json\/wp\/v2\/media?parent=304"}],"curies":[{"name":"wp","href":"https:\/\/api.w.org\/{rel}","templated":true}]}}

Članovi državnog povjerenstva

<p>&nbsp;</p>
<ol>
<li>Mirela Barbaroša-Šikić, prof., Agencija za odgoj i obrazovanje, Donje Svetice 38, Zagreb</li>
<li>Theodor de Canziani, prof., Prva sušačka hrvatska gimnazija, Gajeva 1, Rijeka</li>
<li>Miroslav Mićanović, prof., Agencija za odgoj i obrazovanje, Donje Svetice 38, Zagreb</li>
<li>Davorka Parmač, prof., ravnateljica OŠ Rivarela, Emonijska 4, Novigrad</li>
<li>Josip Prudeus, samostalni umjetnik, Matijaša Korvina 18, Samobor</li>
<li>Nora Krstulović, redateljica, samostalna umjetnica, Arsenal 1, Korčula</li>
<li>Maja Zrnčić, prof., Ministarstvo kulture RH-a, Runjaninova 2, Zagreb</li>
</ol>

<p>&nbsp; Mirela Barbaroša-Šikić, prof., Agencija za odgoj i obrazovanje, Donje Svetice 38, Zagreb Theodor de Canziani, prof., Prva sušačka hrvatska gimnazija, Gajeva 1, Rijeka Miroslav Mićanović, prof., Agencija za odgoj i obrazovanje, Donje Svetice 38, Zagreb Davorka Parmač, prof., ravnateljica OŠ Rivarela, Emonijska 4, Novigrad Josip Prudeus, samostalni umjetnik, Matijaša Korvina 18, Samobor Nora Krstulović, [&hellip;]</p>
